ivisor of 44 and 187.
11
What is the highest common factor of 812 and 56?
28
Calculate the highest common divisor of 2 and 23.
1
Calculate the greatest common factor of 2263 and 730.
73
Calculate the highest common divisor of 416 and 16.
16
Calculate the highest common divisor of 299 and 156.
13
Calculate the greatest common factor of 825 and 132.
33
Calculate the highest common divisor of 16 and 64.
16
What is the highest common divisor of 325 and 1066?
13
What is the highest common factor of 60 and 204?
12
What is the highest common divisor of 3835 and 65?
65
Calculate the greatest common divisor of 261 and 738.
9
Calculate the greatest common divisor of 486 and 108.
54
Calculate the highest common divisor of 172 and 172.
172
What is the highest common divisor of 151 and 1661?
151
Calculate the highest common divisor of 13 and 1508.
13
What is the greatest common factor of 5 and 1010?
5
What is the highest common divisor of 218 and 2398?
218
What is the highest common factor of 228 and 57?
57
Calculate the highest common factor of 1125 and 100.
25
Calculate the greatest common factor of 1288 and 728.
56
What is the greatest common factor of 803 and 292?
73
What is the highest common factor of 98 and 441?
49
What is the highest common factor of 75 and 480?
15
What is the greatest common factor of 497 and 14?
7
Calculate the greatest common factor of 119 and 561.
17
What is the greatest common factor of 130 and 1235?
65
Calculate the greatest common factor of 268 and 2077.
67
Calculate the highest common factor of 40 and 3980.
20
Calculate the greatest common factor of 36 and 234.
18
What is the greatest common factor of 972 and 64?
4
Calculate the highest common factor of 423 and 45.
9
Calculate the greatest common divisor of 869 and 11.
11
What is the highest common factor of 2230 and 4?
2
What is the greatest common divisor of 42 and 189?
21
What is the highest common divisor of 85851 and 9?
9
Calculate the greatest common factor of 891 and 567.
81
Calculate the greatest common divisor of 225 and 37575.
225
What is the greatest common factor of 438 and 18?
6
Calculate the greatest common factor of 7 and 459.
1
What is the highest common factor of 32 and 8112?
16
Calculate the greatest common divisor of 261 and 2929.
29
Calculate the greatest common factor of 532 and 308.
28
Calculate the highest common factor of 84 and 2576.
28
What is the greatest common divisor of 2 and 178?
2
What is the highest common divisor of 2 and 35?
1
What is the highest common divisor of 7791 and 588?
147
What is the greatest common factor of 8 and 456?
8
Calculate the highest common divisor of 18 and 36.
18
What is the highest common factor of 21 and 21?
21
What is the greatest common divisor of 478 and 22?
2
Calculate the highest common divisor of 47487 and 33.
33
Calculate the greatest common divisor of 75816 and 468.
468
Calculate the greatest common divisor of 336 and 9.
3
Calculate the greatest common factor of 77 and 341.
11
What is the greatest common divisor of 7 and 133?
7
What is the greatest common factor of 873 and 17266?
97
Calculate the highest common factor of 242 and 66.
22
Calculate the greatest common divisor of 34 and 765.
17
Calculate the greatest common divisor of 69 and 3657.
69
What is the greatest common divisor of 10 and 110?
10
What is the greatest common factor of 13 and 689?
13
Calculate the highest common factor of 1209 and 156.
39
Calculate the highest common divisor of 3 and 5.
1
Calculate the highest common factor of 140 and 160.
20
Calculate the greatest common divisor of 658 and 98.
14
Calculate the greatest common factor of 104 and 78.
26
Calculate the greatest common divisor of 4717 and 583.
53
What is the highest common factor of 40 and 43880?
40
Calculate the highest common divisor of 39754 and 44.
22
What is the greatest common factor of 92 and 138?
46
What is the highest common divisor of 188 and 12?
4
Calculate the greatest common divisor of 78 and 117.
39
What is the highest common divisor of 6745 and 38?
19
What is the highest common divisor of 12 and 4?
4
Calculate the greatest common divisor of 440 and 3.
1
Calculate the highest common factor of 7 and 1204.
7
Calculate the highest common factor of 351 and 169.
13
What is the greatest common factor of 248 and 2046?
62
Calculate the highest common factor of 9468 and 36.
36
Calculate the highest common divisor of 105 and 91.
7
What is the highest common divisor of 233 and 78521?
233
What is the greatest common factor of 6129 and 27?
27
What is the greatest common factor of 567 and 10647?
63
What is the greatest common divisor of 414 and 391?
23
What is the highest common divisor of 12490 and 30?
10
What is the greatest common factor of 57 and 186?
3
What is the greatest common factor of 92 and 1127?
23
What is the greatest common factor of 123 and 2829?
123
What is the greatest common factor of 44618 and 14?
14
What is the highest common factor of 115 and 1518?
23
Calculate the greatest common divisor of 180 and 1395.
45
What is the highest common factor of 490 and 224?
14
What is the greatest common factor of 584 and 24?
8
Calculate the highest common factor of 48 and 29168.
16
What is the highest common factor of 651 and 126?
21
Calculate the highest common factor of 306 and 8.
2
Calculate the highest common divisor of 92 and 1610.
46
What is the highest common divisor of 1054 and 62?
62
Calculate the highest common divisor of 442 and 104.
26
Calculate the greatest common factor of 1813 and 147.
49
What is the highest common divisor of 351 and 207?
9
What is the highest common factor of 186 and 682?
62
Calculate the greatest common factor of 358 and 2.
2
What is the highest common factor of 113 and 226?
113
What is the highest common factor of 950 and 152?
38
Calculate the highest common divisor of 50 and 50.
50
What is the highest common divisor of 1836 and 18?
18
Calculate the highest common factor of 6 and 90.
6
What is the highest common divisor of 2058 and 84?
42
What is the greatest common factor of 41 and 5125?
41
What is the greatest common factor of 1890 and 910?
70
Calculate the greatest common divisor of 9 and 1059.
3
Calculate the highest common factor of 5 and 3665.
5
Calculate the greatest common divisor of 745 and 149.
149
What is the highest common factor of 63 and 1113?
21
What is the highest common factor of 63 and 42?
21
What is the greatest common factor of 1467 and 9?
9
Calculate the greatest common divisor of 119 and 1169.
7
What is the highest common divisor of 30625 and 5?
5
Calculate the greatest common factor of 38 and 6878.
38
Calculate the greatest common divisor of 160 and 140.
20
What is the greatest common factor of 12 and 429?
3
Calculate the greatest common divisor of 10 and 1640.
10
Calculate the greatest common factor of 64 and 832.
64
Calculate the greatest common divisor of 10 and 2360.
10
What is the greatest common factor of 105 and 595?
35
Calculate the greatest common factor of 175 and 217.
7
Calculate the greatest common factor of 10 and 280.
10
Calculate the highest common factor of 11381 and 19.
19
Calculate the highest common factor of 945 and 6885.
135
What is the greatest common factor of 4879 and 287?
287
What is the highest common factor of 75 and 12275?
25
Calculate the greatest common divisor of 120 and 12480.
120
What is the greatest common divisor of 15 and 240?
15
Calculate the greatest common divisor of 63 and 329.
7
What is the greatest common divisor of 14376 and 264?
24
What is the greatest common divisor of 1577 and 247?
19
What is the greatest common divisor of 688 and 43?
43
Calculate the greatest common divisor of 224 and 168.
56
What is the greatest common divisor of 27 and 20763?
27
Calculate the highest common factor of 13 and 1079.
13
What is the greatest common divisor of 44 and 3652?
44
Calculate the highest common factor of 2175 and 696.
87
Calculate the highest common divisor of 15 and 795.
15
What is the highest common divisor of 57 and 9?
3
What is the highest common factor of 342 and 133?
19
What is the highest common factor of 150 and 6?
6
What is the highest common factor of 114 and 399?
57
Calculate the highest common factor of 270 and 10.
10
What is the highest common divisor of 48 and 55